rime factors of 7834447.
7834447
What are the prime factors of 3803121?
3, 7, 17, 53, 67
What are the prime factors of 155959?
263, 593
What are the prime factors of 240337?
149, 1613
What are the prime factors of 345815?
5, 69163
What are the prime factors of 27546625?
5, 220373
What are the prime factors of 998029?
998029
List the prime factors of 110686.
2, 55343
What are the prime factors of 1218369?
3, 406123
List the prime factors of 915168.
2, 3, 9533
List the prime factors of 75990.
2, 3, 5, 17, 149
What are the prime factors of 20829552?
2, 3, 409, 1061
List the prime factors of 13953745.
5, 13, 214673
List the prime factors of 47938.
2, 11, 2179
What are the prime factors of 2784059?
2784059
What are the prime factors of 69354?
2, 3, 3853
List the prime factors of 106927.
23, 4649
List the prime factors of 811376.
2, 17, 19, 157
What are the prime factors of 7163404?
2, 79, 22669
List the prime factors of 4094315.
5, 311, 2633
What are the prime factors of 229048?
2, 28631
List the prime factors of 108252.
2, 3, 31, 97
What are the prime factors of 248556?
2, 3, 7, 11, 269
What are the prime factors of 383404?
2, 7, 13693
List the prime factors of 17478651.
3, 19, 306643
What are the prime factors of 1654828?
2, 7, 8443
What are the prime factors of 1210376?
2, 19, 7963
List the prime factors of 106221.
3, 35407
List the prime factors of 113526.
2, 3, 7, 17, 53
What are the prime factors of 1651216?
2, 7, 23, 641
List the prime factors of 12875197.
2531, 5087
What are the prime factors of 1099073?
139, 7907
What are the prime factors of 22657043?
22657043
What are the prime factors of 292143?
3, 97381
List the prime factors of 777775.
5, 53, 587
List the prime factors of 38089.
41, 929
What are the prime factors of 1909277?
157, 12161
List the prime factors of 2389105.
5, 477821
What are the prime factors of 1961149?
487, 4027
What are the prime factors of 4803209?
4803209
What are the prime factors of 32060082?
2, 3, 5343347
List the prime factors of 2136240.
2, 3, 5, 23, 43
What are the prime factors of 16428909?
3, 7, 782329
List the prime factors of 18796.
2, 37, 127
List the prime factors of 146980.
2, 5, 7349
List the prime factors of 7820162.
2, 7, 558583
What are the prime factors of 10482595?
5, 23, 91153
List the prime factors of 2219094.
2, 3, 113, 1091
List the prime factors of 1914097.
1914097
List the prime factors of 65302.
2, 103, 317
What are the prime factors of 11468524?
2, 67, 42793
What are the prime factors of 9846719?
199, 49481
What are the prime factors of 4155003?
3, 153889
What are the prime factors of 611544?
2, 3, 83, 307
List the prime factors of 4979846.
2, 2489923
What are the prime factors of 17000855?
5, 41, 127, 653
List the prime factors of 7527050.
2, 5, 47, 3203
List the prime factors of 292189.
37, 53, 149
What are the prime factors of 832500?
2, 3, 5, 37
List the prime factors of 200940.
2, 3, 5, 17, 197
List the prime factors of 6311244.
2, 3, 525937
List the prime factors of 359477.
359477
List the prime factors of 2077643.
97, 21419
List the prime factors of 628276.
2, 11, 109, 131
What are the prime factors of 12813875?
5, 23, 4457
List the prime factors of 141053.
11, 12823
What are the prime factors of 5928202?
2, 7, 59, 7177
List the prime factors of 174700.
2, 5, 1747
List the prime factors of 38101.
7, 5443
What are the prime factors of 9432864?
2, 3, 7, 4679
List the prime factors of 792750.
2, 3, 5, 7, 151
What are the prime factors of 464758?
2, 7, 89, 373
List the prime factors of 92675.
5, 11, 337
List the prime factors of 721112.
2, 7, 79, 163
What are the prime factors of 2097225?
3, 5, 13, 239
List the prime factors of 18440005.
5, 3688001
List the prime factors of 2753005.
5, 19, 28979
List the prime factors of 7248714.
2, 3, 11, 109829
What are the prime factors of 2185165?
5, 437033
What are the prime factors of 1434442?
2, 107, 6703
List the prime factors of 725821.
47, 15443
List the prime factors of 1822288.
2, 13, 8761
What are the prime factors of 553753?
31, 17863
List the prime factors of 12038615.
5, 2407723
What are the prime factors of 116847?
3, 12983
List the prime factors of 479105.
5, 11, 31, 281
What are the prime factors of 295755?
3, 5, 19717
List the prime factors of 451884.
2, 3, 37657
What are the prime factors of 3082788?
2, 3, 19, 4507
List the prime factors of 129980.
2, 5, 67, 97
What are the prime factors of 1071480?
2, 3, 5, 8929
What are the prime factors of 2583230?
2, 5, 13, 31, 641
What are the prime factors of 13039222?
2, 7, 641, 1453
List the prime factors of 11071853.
13, 113, 7537
What are the prime factors of 246294?
2, 3, 4561
List the prime factors of 3773217.
3, 7, 353, 509
What are the prime factors of 1552120?
2, 5, 38803
What are the prime factors of 619270?
2, 5, 61927
List the prime factors of 8314490.
2, 5, 839, 991
What are the prime factors of 1298914?
2, 649457
What are the prime factors of 253962?
2, 3, 4703
What are the prime factors of 1303432?
2, 13, 83, 151
What are the prime factors of 1233837?
3, 11, 103
List the prime factors of 13318.
2, 6659
What are the prime factors of 9095303?
7, 37, 35117
List the prime factors of 1837230.
2, 3, 5, 47, 1303
What are the prime factors of 4542252?
2, 3, 11, 13, 2647
List the prime factors of 3005904.
2, 3, 11, 5693
List the prime factors of 891381.
3, 41, 7247
What are the prime factors of 1500203?
239, 6277
List the prime factors of 224555.
5, 97, 463
List the prime factors of 345794.
2, 41, 4217
What are the prime factors of 144810?
2, 3, 5, 1609
What are the prime factors of 152050?
2, 5, 3041
List the prime factors of 122565.
3, 5, 8171
List the prime factors of 16691402.
2, 7, 13, 91711
List the prime factors of 16179620.
2, 5, 808981
What are the prime factors of 9431878?
2, 43, 109673
List the prime factors of 1559662.
2, 13, 223, 269
What are the prime factors of 5425344?
2, 3, 9419
What are the prime factors of 40355721?
3, 7, 193, 3319
List the prime factors of 15902086.
2, 1373, 5791
List the prime factors of 5641701.
3, 13, 144659
What are the prime factors of 2178462?
2, 3, 11, 13, 2539
What are the prime factors of 527327?
527327
What are the prime factors of 1809170?
2, 5, 11, 16447
List the prime factors of 2318789.
11, 71, 2969
What are the prime factors of 672610?
2, 5, 67261
List the prime factors of 25301847.
3, 103, 81883
List the prime factors of 303710.
2, 5, 11, 251
List the prime factors of 3377114.
2, 13, 193, 673
List the prime factors of 28288.
2, 13, 17
List the prime factors of 1462289.
17, 86017
What are the prime factors of 9133133?
587, 15559
What are the prime factors of 21580843?
29, 59, 12613
List the prime factors of 34938.
2, 3, 647
List the prime factors of 249285.
3, 5, 16619
What are the prime factors of 190527?
3, 41, 1549
What are the prime factors of 474794?
2, 47, 5051
What are the prime factors of 10406?
2, 11, 43
List the prime factors of 334411.
7, 11, 43, 101
What are the prime factors of 558740?
2, 5, 7, 13, 307
List the prime factors of 144686.
2, 73, 991
What are the prime factors of 807980?
2, 5, 71, 569
List the prime factors of 4149513.
3, 17, 37, 733
What are the prime factors of 1848386?
2, 467, 1979
What are the prime factors of 2628094?
2, 7, 187721
List the prime factors of 22176006.
2, 3, 3696001
What are the prime factors of 29487630?
2, 3, 5, 439, 2239
List the prime factors of 30115560.
2, 3, 5, 250963
List the prime factors of 7392312.
2, 3, 83, 1237
List the prime factors of 7744778.
2, 3872389
What are the prime factors of 148790?
2, 5, 14879
List the prime factors of 10422185.
5, 53, 67, 587
What are the prime factors of 171716?
2, 42929
List the prime factors of 3351897.
3, 131, 2843
List the prime factors of 2346505.
5, 7, 67043
List the prime factors of 668678.
2, 17, 71, 277
List the prime factors of 79961.
7, 11423
What are the prime factors of 40162?
2, 43, 467
List the prime factors of 338795.
5, 67759
List the prime factors of 2726900.
2, 5, 11, 37, 67
List the prime factors of 6989503.
101, 69203
List the prime factors of 6575375.
5, 41, 1283
What are the prime factors of 16459560?
2, 3, 5, 13, 3517
What are the prime factors of 1460381?
13, 112337
List the prime factors of 87752.
2, 7, 1567
List the p